{"id":46,"date":"2024-12-04T18:30:23","date_gmt":"2024-12-04T17:30:23","guid":{"rendered":"https:\/\/association360.ch\/groupe-mosaik\/?page_id=46"},"modified":"2025-11-27T14:42:15","modified_gmt":"2025-11-27T13:42:15","slug":"contact","status":"publish","type":"page","link":"https:\/\/association360.ch\/groupe-mosaik\/contact\/","title":{"rendered":"Contact"},"content":{"rendered":"<p>Marjorie Horta<br \/>Email : <a href=\"mailto:marjorie@association360.ch\">marjorie@association360.ch<\/a><br \/>T\u00e9l\u00e9phone : <strong>076 687 04 33<\/strong><\/p>\n<p>Association 360<br \/>Groupe Mosa\u00efk<br \/>36, rue de la Navigation<br \/>Case postale 2217<br \/>1211 Gen\u00e8ve 2<br \/>Suisse<\/p>\n\n\n<p><\/p>\n","protected":false},"excerpt":{"rendered":"<p>Marjorie HortaEmail : marjorie@association360.chT\u00e9l\u00e9phone : 076 687 04 33 Association 360Groupe Mosa\u00efk36, rue de la NavigationCase postale 22171211 Gen\u00e8ve 2Suisse<\/p>\n","protected":false},"author":1005,"featured_media":0,"parent":0,"menu_order":0,"comment_status":"closed","ping_status":"closed","template":"","meta":{"_genesis_hide_title":false,"_genesis_hide_breadcrumbs":false,"_genesis_hide_singular_image":false,"_genesis_hide_footer_widgets":false,"_genesis_custom_body_class":"","_genesis_custom_post_class":"","_genesis_layout":"","footnotes":""},"categories":[],"tags":[],"class_list":{"0":"post-46","1":"page","2":"type-page","3":"status-publish","4":"format-standard","6":"entry"},"featured_image_src":null,"featured_image_src_square":null,"_links":{"self":[{"href":"https:\/\/association360.ch\/groupe-mosaik\/wp-json\/wp\/v2\/pages\/46","targetHints":{"allow":["GET"]}}],"collection":[{"href":"https:\/\/association360.ch\/groupe-mosaik\/wp-json\/wp\/v2\/pages"}],"about":[{"href":"https:\/\/association360.ch\/groupe-mosaik\/wp-json\/wp\/v2\/types\/page"}],"author":[{"embeddable":true,"href":"https:\/\/association360.ch\/groupe-mosaik\/wp-json\/wp\/v2\/users\/1005"}],"replies":[{"embeddable":true,"href":"https:\/\/association360.ch\/groupe-mosaik\/wp-json\/wp\/v2\/comments?post=46"}],"version-history":[{"count":4,"href":"https:\/\/association360.ch\/groupe-mosaik\/wp-json\/wp\/v2\/pages\/46\/revisions"}],"predecessor-version":[{"id":83,"href":"https:\/\/association360.ch\/groupe-mosaik\/wp-json\/wp\/v2\/pages\/46\/revisions\/83"}],"wp:attachment":[{"href":"https:\/\/association360.ch\/groupe-mosaik\/wp-json\/wp\/v2\/media?parent=46"}],"wp:term":[{"taxonomy":"category","embeddable":true,"href":"https:\/\/association360.ch\/groupe-mosaik\/wp-json\/wp\/v2\/categories?post=46"},{"taxonomy":"post_tag","embeddable":true,"href":"https:\/\/association360.ch\/groupe-mosaik\/wp-json\/wp\/v2\/tags?post=46"}],"curies":[{"name":"wp","href":"https:\/\/api.w.org\/{rel}","templated":true}]}}