{"id":1234,"date":"2013-10-03T11:04:48","date_gmt":"2013-10-03T10:04:48","guid":{"rendered":"http:\/\/association360.ch\/homoparents\/?page_id=1234"},"modified":"2013-10-14T10:20:38","modified_gmt":"2013-10-14T09:20:38","slug":"archive-de-lagenda","status":"publish","type":"page","link":"https:\/\/association360.ch\/homoparents\/agenda\/archive-de-lagenda\/","title":{"rendered":"Archive de l&rsquo;agenda"},"content":{"rendered":"<div class=\"em em-view-container\" id=\"em-view-1301683139\" data-view=\"list-grouped\">\r\n\t<div class=\"em-list em-events-list em-events-list-grouped\" id=\"em-events-list-grouped-1301683139\">\r\n\t<h2>Mar 2026<\/h2><table cellpadding=\"0\" cellspacing=\"0\" id=\"current-events\" >\r\n    <thead>\r\n        <tr>\r\n\t\t\t<th width=\"150\">Date\/Heure<\/th>\r\n\t\t\t<th width=\"*\">Ev\u00e9nement<\/th>\r\n   \t<\/thead>\r\n    <tbody><tr>\r\n\t\t\t<td>\r\n                <h4>19.03.2026<\/h4>\r\n                19h00 - 21h00\r\n            <\/td>\r\n            <td><div class=\"alignleft\"><\/div>\r\n                <h3><a href=\"https:\/\/association360.ch\/homoparents\/agenda\/soiree-infos-discussions-et-partages-8\/\">Soir\u00e9e infos, discussions et partages<\/a><\/h3>\r\n                ,  \r\n            <\/td>\r\n        <\/tr><\/tbody><\/table><h2>F\u00e9v 2026<\/h2><table cellpadding=\"0\" cellspacing=\"0\" id=\"current-events\" >\r\n    <thead>\r\n        <tr>\r\n\t\t\t<th width=\"150\">Date\/Heure<\/th>\r\n\t\t\t<th width=\"*\">Ev\u00e9nement<\/th>\r\n   \t<\/thead>\r\n    <tbody><tr>\r\n\t\t\t<td>\r\n                <h4>05.02.2026<\/h4>\r\n                19h00 - 21h00\r\n            <\/td>\r\n            <td><div class=\"alignleft\"><\/div>\r\n                <h3><a href=\"https:\/\/association360.ch\/homoparents\/agenda\/soiree-infos-discussions-et-partages-7\/\">Soir\u00e9e infos, discussions et partages<\/a><\/h3>\r\n                ,  \r\n            <\/td>\r\n        <\/tr><\/tbody><\/table><h2>Oct 2025<\/h2><table cellpadding=\"0\" cellspacing=\"0\" id=\"current-events\" >\r\n    <thead>\r\n        <tr>\r\n\t\t\t<th width=\"150\">Date\/Heure<\/th>\r\n\t\t\t<th width=\"*\">Ev\u00e9nement<\/th>\r\n   \t<\/thead>\r\n    <tbody><tr>\r\n\t\t\t<td>\r\n                <h4>31.10.2025<\/h4>\r\n                18h30 - 20h30\r\n            <\/td>\r\n            <td><div class=\"alignleft\"><img loading=\"lazy\" decoding=\"async\" width=\"50\" height=\"50\" src=\"https:\/\/association360.ch\/homoparents\/wp-content\/uploads\/sites\/2\/2025\/10\/CLIT-007-Concentre-Lesbien-Irresistiblement-Toxique-n\u00b02-de-fevrier-1982-p.10-clit007.ch_-768x441-1-100x100.png\" class=\"attachment-50x50 size-50x50 wp-post-image\" alt=\"Table ronde: QUITTE \u00c0 \u00caTRE M\u00c8RE, AUTANT \u00caTRE LESBIENNE\" srcset=\"https:\/\/association360.ch\/homoparents\/wp-content\/uploads\/sites\/2\/2025\/10\/CLIT-007-Concentre-Lesbien-Irresistiblement-Toxique-n\u00b02-de-fevrier-1982-p.10-clit007.ch_-768x441-1-100x100.png 100w, https:\/\/association360.ch\/homoparents\/wp-content\/uploads\/sites\/2\/2025\/10\/CLIT-007-Concentre-Lesbien-Irresistiblement-Toxique-n\u00b02-de-fevrier-1982-p.10-clit007.ch_-768x441-1-150x150.png 150w\" sizes=\"auto, (max-width: 50px) 100vw, 50px\" \/><\/div>\r\n                <h3><a href=\"https:\/\/association360.ch\/homoparents\/agenda\/table-ronde-quitte-a-etre-mere-autant-etre-lesbienne\/\">Table ronde: QUITTE \u00c0 \u00caTRE M\u00c8RE, AUTANT \u00caTRE LESBIENNE<\/a><\/h3>\r\n                ,  \r\n            <\/td>\r\n        <\/tr><tr>\r\n\t\t\t<td>\r\n                <h4>25.10.2025<\/h4>\r\n                14h30 - 17h00\r\n            <\/td>\r\n            <td><div class=\"alignleft\"><\/div>\r\n                <h3><a href=\"https:\/\/association360.ch\/homoparents\/agenda\/amusons-nous-avec-les-archives-lesbo-queer-atelier-ludique-de-decouverte-des-parentalites-lesbiennes-et-queer-anime-par-isabelle-sentis\/\">AMUSONS-NOUS AVEC LES ARCHIVES LESBO-QUEER ! Atelier ludique de d\u00e9couverte des parentalit\u00e9s lesbiennes et queer, anim\u00e9 par Isabelle Sentis<\/a><\/h3>\r\n                ,  \r\n            <\/td>\r\n        <\/tr><\/tbody><\/table><h2>Ao\u00fbt 2025<\/h2><table cellpadding=\"0\" cellspacing=\"0\" id=\"current-events\" >\r\n    <thead>\r\n        <tr>\r\n\t\t\t<th width=\"150\">Date\/Heure<\/th>\r\n\t\t\t<th width=\"*\">Ev\u00e9nement<\/th>\r\n   \t<\/thead>\r\n    <tbody><tr>\r\n\t\t\t<td>\r\n                <h4>30.08.2025<\/h4>\r\n                11h30 - 17h00\r\n            <\/td>\r\n            <td><div class=\"alignleft\"><\/div>\r\n                <h3><a href=\"https:\/\/association360.ch\/homoparents\/agenda\/sotie-inter-groupes-de-360-touxtes-ensemble\/\">Sortie FamilleS et inter groupes de 360 au parc du Gu\u00e9<\/a><\/h3>\r\n                ,  \r\n            <\/td>\r\n        <\/tr><tr>\r\n\t\t\t<td>\r\n                <h4>28.08.2025<\/h4>\r\n                19h00 - 21h00\r\n            <\/td>\r\n            <td><div class=\"alignleft\"><\/div>\r\n                <h3><a href=\"https:\/\/association360.ch\/homoparents\/agenda\/soiree-infos-discussions-et-partages-6\/\">Soir\u00e9e infos, discussions et partages<\/a><\/h3>\r\n                ,  \r\n            <\/td>\r\n        <\/tr><tr>\r\n\t\t\t<td>\r\n                <h4>03.08.2025<\/h4>\r\n                11h00 - 15h00\r\n            <\/td>\r\n            <td><div class=\"alignleft\"><\/div>\r\n                <h3><a href=\"https:\/\/association360.ch\/homoparents\/agenda\/sortie-familles-pique-nique-a-la-perle-du-lac-partages-baignade-et-jeux-dans-lherbe\/\">Sortie FamilleS:  Pique-nique \u00e0 la Perle du Lac, partages, baignade et jeux dans l&#039;herbe<\/a><\/h3>\r\n                ,  \r\n            <\/td>\r\n        <\/tr><\/tbody><\/table><h2>Juin 2025<\/h2><table cellpadding=\"0\" cellspacing=\"0\" id=\"current-events\" >\r\n    <thead>\r\n        <tr>\r\n\t\t\t<th width=\"150\">Date\/Heure<\/th>\r\n\t\t\t<th width=\"*\">Ev\u00e9nement<\/th>\r\n   \t<\/thead>\r\n    <tbody><tr>\r\n\t\t\t<td>\r\n                <h4>22.06.2025<\/h4>\r\n                11h00 - 15h00\r\n            <\/td>\r\n            <td><div class=\"alignleft\"><\/div>\r\n                <h3><a href=\"https:\/\/association360.ch\/homoparents\/agenda\/sortie-familles-pique-nique-a-la-perle-du-lac-baignade-et-jeux-dans-lherbe\/\">Sortie FamilleS:  Pique nique \u00e0 la Perle du Lac, baignade et jeux dans l&#039;herbe<\/a><\/h3>\r\n                ,  \r\n            <\/td>\r\n        <\/tr><tr>\r\n\t\t\t<td>\r\n                <h4>12.06.2025<\/h4>\r\n                19h00 - 21h00\r\n            <\/td>\r\n            <td><div class=\"alignleft\"><\/div>\r\n                <h3><a href=\"https:\/\/association360.ch\/homoparents\/agenda\/soiree-infos-discussions-et-partages-5\/\">Soir\u00e9e infos, discussions et partages<\/a><\/h3>\r\n                ,  \r\n            <\/td>\r\n        <\/tr><\/tbody><\/table><h2>Mai 2025<\/h2><table cellpadding=\"0\" cellspacing=\"0\" id=\"current-events\" >\r\n    <thead>\r\n        <tr>\r\n\t\t\t<th width=\"150\">Date\/Heure<\/th>\r\n\t\t\t<th width=\"*\">Ev\u00e9nement<\/th>\r\n   \t<\/thead>\r\n    <tbody><tr>\r\n\t\t\t<td>\r\n                <h4>14.05.2025<\/h4>\r\n                19h00\r\n            <\/td>\r\n            <td><div class=\"alignleft\"><\/div>\r\n                <h3><a href=\"https:\/\/association360.ch\/homoparents\/agenda\/la-place-du-numerique-au-travers-des-ages-des-familles-queers\/\">La place du num\u00e9rique au travers des \u00e2ges des familles queers<\/a><\/h3>\r\n                ,  \r\n            <\/td>\r\n        <\/tr><\/tbody><\/table><div class=\"em-pagination em-ajax\" data-em-ajax=\"id=1301683139&amp;scope=past&amp;order=DESC&amp;action=search_events\"> <span class=\"page-numbers current\">1<\/span><span class=\"not-current second-half\"> <a class=\"page-numbers\" href=\"\/homoparents\/wp-json\/wp\/v2\/pages\/1234?pno=2\" title=\"2\">2<\/a>  <a class=\"page-numbers\" href=\"\/homoparents\/wp-json\/wp\/v2\/pages\/1234?pno=3\" title=\"3\">3<\/a>  <a class=\"page-numbers\" href=\"\/homoparents\/wp-json\/wp\/v2\/pages\/1234?pno=4\" title=\"4\">4<\/a>  <a class=\"page-numbers\" href=\"\/homoparents\/wp-json\/wp\/v2\/pages\/1234?pno=5\" title=\"5\">5<\/a>  <a class=\"page-numbers\" href=\"\/homoparents\/wp-json\/wp\/v2\/pages\/1234?pno=6\" title=\"6\">6<\/a>  <a class=\"page-numbers\" href=\"\/homoparents\/wp-json\/wp\/v2\/pages\/1234?pno=7\" title=\"7\">7<\/a>  <a class=\"page-numbers\" href=\"\/homoparents\/wp-json\/wp\/v2\/pages\/1234?pno=8\" title=\"8\">8<\/a>  <a class=\"page-numbers\" href=\"\/homoparents\/wp-json\/wp\/v2\/pages\/1234?pno=9\" title=\"9\">9<\/a>  <a class=\"page-numbers\" href=\"\/homoparents\/wp-json\/wp\/v2\/pages\/1234?pno=10\" title=\"10\">10<\/a> <\/span> <a class=\"page-numbers\" href=\"\/homoparents\/wp-json\/wp\/v2\/pages\/1234?pno=11\" title=\"11\">11<\/a>  <a class=\"page-numbers\" href=\"\/homoparents\/wp-json\/wp\/v2\/pages\/1234?pno=12\" title=\"12\">12<\/a>  <a class=\"next page-numbers\" href=\"\/homoparents\/wp-json\/wp\/v2\/pages\/1234?pno=2\" title=\"2\">&gt;<\/a>  <a class=\"next last page-numbers\" href=\"\/homoparents\/wp-json\/wp\/v2\/pages\/1234?pno=19\" title=\"19\">&gt;&gt;<\/a> <\/div>\t<\/div>\r\n<\/div>\n<p>&nbsp;<\/p>\n","protected":false},"excerpt":{"rendered":"<p>&nbsp;<\/p>\n","protected":false},"author":1,"featured_media":0,"parent":11,"menu_order":0,"comment_status":"open","ping_status":"open","template":"","meta":{"_genesis_hide_title":false,"_genesis_hide_breadcrumbs":false,"_genesis_hide_singular_image":false,"_genesis_hide_footer_widgets":false,"_genesis_custom_body_class":"","_genesis_custom_post_class":"","_genesis_layout":"","footnotes":""},"categories":[],"tags":[],"class_list":{"0":"post-1234","1":"page","2":"type-page","3":"status-publish","4":"format-standard","6":"entry"},"featured_image_src":null,"featured_image_src_square":null,"_links":{"self":[{"href":"https:\/\/association360.ch\/homoparents\/wp-json\/wp\/v2\/pages\/1234","targetHints":{"allow":["GET"]}}],"collection":[{"href":"https:\/\/association360.ch\/homoparents\/wp-json\/wp\/v2\/pages"}],"about":[{"href":"https:\/\/association360.ch\/homoparents\/wp-json\/wp\/v2\/types\/page"}],"author":[{"embeddable":true,"href":"https:\/\/association360.ch\/homoparents\/wp-json\/wp\/v2\/users\/1"}],"replies":[{"embeddable":true,"href":"https:\/\/association360.ch\/homoparents\/wp-json\/wp\/v2\/comments?post=1234"}],"version-history":[{"count":6,"href":"https:\/\/association360.ch\/homoparents\/wp-json\/wp\/v2\/pages\/1234\/revisions"}],"predecessor-version":[{"id":1424,"href":"https:\/\/association360.ch\/homoparents\/wp-json\/wp\/v2\/pages\/1234\/revisions\/1424"}],"up":[{"embeddable":true,"href":"https:\/\/association360.ch\/homoparents\/wp-json\/wp\/v2\/pages\/11"}],"wp:attachment":[{"href":"https:\/\/association360.ch\/homoparents\/wp-json\/wp\/v2\/media?parent=1234"}],"wp:term":[{"taxonomy":"category","embeddable":true,"href":"https:\/\/association360.ch\/homoparents\/wp-json\/wp\/v2\/categories?post=1234"},{"taxonomy":"post_tag","embeddable":true,"href":"https:\/\/association360.ch\/homoparents\/wp-json\/wp\/v2\/tags?post=1234"}],"curies":[{"name":"wp","href":"https:\/\/api.w.org\/{rel}","templated":true}]}}