{"id":1449,"date":"2013-10-28T18:00:44","date_gmt":"2013-10-28T17:00:44","guid":{"rendered":"http:\/\/association360.ch\/homoparents\/?page_id=1449"},"modified":"2015-02-24T17:44:13","modified_gmt":"2015-02-24T16:44:13","slug":"bibliographie-la-famille-dans-tous-ses-etats","status":"publish","type":"page","link":"https:\/\/association360.ch\/homoparents\/documents\/bibliographie-la-famille-dans-tous-ses-etats\/","title":{"rendered":"Bibliographie La famille dans tous ses \u00e9tats"},"content":{"rendered":"<p><strong>Pistes de lectures sur la diversit\u00e9 des familles actuelles.<br \/>\nBibliographie r\u00e9alis\u00e9e par les biblioth\u00e8ques municipales de Gen\u00e8ve et la Ville de Gen\u00e8ve<\/strong><\/p>\n<p><a href=\"http:\/\/association360.ch\/homoparents\/wp-content\/uploads\/sites\/2\/2013\/10\/couv_bibio.jpg\"><img loading=\"lazy\" decoding=\"async\" class=\"alignleft size-full wp-image-1450\" alt=\"couv_bibio\" src=\"http:\/\/association360.ch\/homoparents\/wp-content\/uploads\/sites\/2\/2013\/10\/couv_bibio.jpg\" width=\"300\" height=\"294\" \/><\/a>Qu\u2019ils soient documentaires ou de fiction, qu\u2019ils racontent une histoire vraie ou nous plongent dans l\u2019imaginaire, les livres et les films nous donnent \u00e0 voir une autre r\u00e9alit\u00e9 du monde que celle que nous avons sous nos yeux, souvent born\u00e9s d\u2019oeill\u00e8res. Ils nous aident \u00e0 changer notre regard, \u00e0 faire varier notre point de vue.<\/p>\n<p>Ils sont aussi le reflet de l\u2019\u00e9volution de notre soci\u00e9t\u00e9 et t\u00e9moignent de ses changements subtils ou, au contraire, de ses grands bouleversements.<\/p>\n<p>Ces derni\u00e8res d\u00e9cennies, la d\u00e9finition de la famille s\u2019est profond\u00e9ment modifi\u00e9e en Suisse, comme ailleurs dans le monde. La question des familles homoparentales, voire transparentales, bouscule l\u2019opinion publique et le l\u00e9gislateur, alimente le d\u00e9bat et provoque des r\u00e9actions parfois vives.<\/p>\n<p>Port\u00e9-e-s par nos \u00e9motions, nous oublions trop souvent que derri\u00e8re les prises de positions, les concepts, les th\u00e9ories anthropologiques, philosophiques ou religieuses, se cachent des familles bien r\u00e9elles, des femmes et des hommes, des parents, des enfants, qui font partie de notre soci\u00e9t\u00e9 et partagent notre quotidien.<\/p>\n<p>La s\u00e9lection de livres et de films propos\u00e9e cette ann\u00e9e par les biblioth\u00e9caires de la Ville de Gen\u00e8ve vous am\u00e8nera, ch\u00e8res lectrices et chers lecteurs de tous les \u00e2ges, \u00e0 la rencontre de ces familles nouvelles, qu\u2019elles soient recompos\u00e9es, homo- ou monoparentales, que leurs enfants soient n\u00e9-e-s hors mariage, d\u2019une union pr\u00e9c\u00e9dente, qu\u2019ils et elles aient \u00e9t\u00e9 adopt\u00e9-e-s ou con\u00e7u-e-s par procr\u00e9ation m\u00e9dicalement assist\u00e9e (PMA) et vous fera partager leurs exp\u00e9riences.<\/p>\n<p>Nous remercions chaleureusement toutes les personnes ayant particip\u00e9 \u00e0 ce magnifique projet qui, cette ann\u00e9e encore, scelle la collaboration entre les Biblioth\u00e8ques municipales et le P\u00f4le Egalit\u00e9-Diversit\u00e9 du Service Agenda 21 \u2013 Ville durable.<\/p>\n<p>Tr\u00e8s bonnes lectures!<\/p>\n<p><strong>Sandrine Salerno<\/strong><br \/>\nConseill\u00e8re administrative en charge des Finances et du Logement<\/p>\n<p><strong>Sami Kanaan<\/strong><br \/>\nConseiller administratif en charge de la Culture et du Sport<\/p>\n<p><strong><a href=\"http:\/\/association360.ch\/homoparents\/wp-content\/uploads\/sites\/2\/2013\/10\/Brochure-famille-dans-tous-ses-\u00e9tats.pdf\" target=\"_blank\">T\u00e9l\u00e9charger la brochure<\/a><\/strong><\/p>\n","protected":false},"excerpt":{"rendered":"<p>Pistes de lectures sur la diversit\u00e9 des familles actuelles. Bibliographie r\u00e9alis\u00e9e par les biblioth\u00e8ques municipales de Gen\u00e8ve et la Ville de Gen\u00e8ve Qu\u2019ils soient documentaires ou de fiction, qu\u2019ils racontent une histoire vraie ou nous plongent dans l\u2019imaginaire, les livres et les films nous donnent \u00e0 voir une autre r\u00e9alit\u00e9 du monde que celle que [&hellip;]<\/p>\n","protected":false},"author":324,"featured_media":0,"parent":94,"menu_order":6,"comment_status":"closed","ping_status":"closed","template":"","meta":{"_genesis_hide_title":false,"_genesis_hide_breadcrumbs":false,"_genesis_hide_singular_image":false,"_genesis_hide_footer_widgets":false,"_genesis_custom_body_class":"","_genesis_custom_post_class":"","_genesis_layout":"","footnotes":""},"categories":[],"tags":[],"class_list":{"0":"post-1449","1":"page","2":"type-page","3":"status-publish","4":"format-standard","6":"entry","7":"has-post-thumbnail"},"featured_image_src":null,"featured_image_src_square":null,"_links":{"self":[{"href":"https:\/\/association360.ch\/homoparents\/wp-json\/wp\/v2\/pages\/1449","targetHints":{"allow":["GET"]}}],"collection":[{"href":"https:\/\/association360.ch\/homoparents\/wp-json\/wp\/v2\/pages"}],"about":[{"href":"https:\/\/association360.ch\/homoparents\/wp-json\/wp\/v2\/types\/page"}],"author":[{"embeddable":true,"href":"https:\/\/association360.ch\/homoparents\/wp-json\/wp\/v2\/users\/324"}],"replies":[{"embeddable":true,"href":"https:\/\/association360.ch\/homoparents\/wp-json\/wp\/v2\/comments?post=1449"}],"version-history":[{"count":2,"href":"https:\/\/association360.ch\/homoparents\/wp-json\/wp\/v2\/pages\/1449\/revisions"}],"predecessor-version":[{"id":2145,"href":"https:\/\/association360.ch\/homoparents\/wp-json\/wp\/v2\/pages\/1449\/revisions\/2145"}],"up":[{"embeddable":true,"href":"https:\/\/association360.ch\/homoparents\/wp-json\/wp\/v2\/pages\/94"}],"wp:attachment":[{"href":"https:\/\/association360.ch\/homoparents\/wp-json\/wp\/v2\/media?parent=1449"}],"wp:term":[{"taxonomy":"category","embeddable":true,"href":"https:\/\/association360.ch\/homoparents\/wp-json\/wp\/v2\/categories?post=1449"},{"taxonomy":"post_tag","embeddable":true,"href":"https:\/\/association360.ch\/homoparents\/wp-json\/wp\/v2\/tags?post=1449"}],"curies":[{"name":"wp","href":"https:\/\/api.w.org\/{rel}","templated":true}]}}