{"id":1541,"date":"2014-01-08T23:58:33","date_gmt":"2014-01-08T22:58:33","guid":{"rendered":"http:\/\/association360.ch\/trans\/?page_id=1541"},"modified":"2025-01-08T13:05:26","modified_gmt":"2025-01-08T12:05:26","slug":"permanence-ecoute-et-soutien","status":"publish","type":"page","link":"https:\/\/association360.ch\/trans\/pole-trans\/permanence-ecoute-et-soutien\/","title":{"rendered":"Permanence d&rsquo;\u00e9coute et de soutien"},"content":{"rendered":"<p>Tu as besoin d\u2019\u00e9coute, de conseils, d\u2019aide ou de soutien dans tes d\u00e9marches et tes questionnements?<\/p>\n<p>Le <strong>P\u00f4le Trans et Non Binaire<\/strong> propose une permanence d&rsquo;\u00e9coute et d&rsquo;accueil pour les personnes concern\u00e9exs, leurs proches, parents, conjoint-e-x-s et ami-e&#8211;x-s.<\/p>\n<p>La <strong><a title=\"Permanence d\u2019\u00e9coute et de soutien\" href=\"https:\/\/association360.ch\/trans\/le-groupe-trans\/permanence-ecoute-et-soutien\/\">permanence t\u00e9l\u00e9phonique<\/a><\/strong> d\u2019\u00e9coute et de conseils est ouverte le mercredi d\u00e8s 12h (midi) au 078 322 34 60 (ligne directe ouverte pour appels sur r\u00e9seau ou WhatsApp, messages sur WhatsApp, messages vocaux, email) ou au 022 732 03 60 (ligne g\u00e9n\u00e9rale de l&rsquo;association 360).<\/p>\n<p>Des <strong><a title=\"Permanence d\u2019\u00e9coute et de soutien\" href=\"https:\/\/association360.ch\/trans\/le-groupe-trans\/permanence-ecoute-et-soutien\/\">entretiens individuels<\/a><\/strong> et confidentiels <span style=\"text-decoration: underline\">sur rendez-vous<\/span> uniquement sont \u00e9galement possibles.<\/p>\n<p><strong>Soutien aux proches <\/strong>: Les entretiens individuels et la permanence t\u00e9l\u00e9phonique sont aussi ouverts aux parents, proches, ami-e-x-s et conjoint-e-x-s de personnes trans, non binaire ou en questionnement.<\/p>\n<p><strong>Contact<\/strong>:<br \/>\n<a href=\"mailto:trans@association360.ch\">trans@association360.ch<br \/>\n<\/a>T\u00e9l. : + 41 (0)78 322 34 60 (ligne directe) \/ + 41 22 732 03 60<\/p>\n<p><strong>Adresse:<\/strong><br \/>\nAssociation 360<br \/>\nrue de la Navigation 36<br \/>\nP\u00e2quis, Gen\u00e8ve<\/p>\n","protected":false},"excerpt":{"rendered":"<p>Tu as besoin d\u2019\u00e9coute, de conseils, d\u2019aide ou de soutien dans tes d\u00e9marches et tes questionnements? Le P\u00f4le Trans et Non Binaire propose une permanence d&rsquo;\u00e9coute et d&rsquo;accueil pour les personnes concern\u00e9exs, leurs proches, parents, conjoint-e-x-s et ami-e&#8211;x-s. La permanence t\u00e9l\u00e9phonique d\u2019\u00e9coute et de conseils est ouverte le mercredi d\u00e8s 12h (midi) au 078 322 [&hellip;]<\/p>\n","protected":false},"author":763,"featured_media":0,"parent":17,"menu_order":0,"comment_status":"closed","ping_status":"closed","template":"","meta":{"_genesis_hide_title":false,"_genesis_hide_breadcrumbs":false,"_genesis_hide_singular_image":false,"_genesis_hide_footer_widgets":false,"_genesis_custom_body_class":"","_genesis_custom_post_class":"","_genesis_layout":"","footnotes":""},"categories":[],"tags":[],"class_list":{"0":"post-1541","1":"page","2":"type-page","3":"status-publish","4":"format-standard","6":"entry"},"featured_image_src":null,"featured_image_src_square":null,"_links":{"self":[{"href":"https:\/\/association360.ch\/trans\/wp-json\/wp\/v2\/pages\/1541","targetHints":{"allow":["GET"]}}],"collection":[{"href":"https:\/\/association360.ch\/trans\/wp-json\/wp\/v2\/pages"}],"about":[{"href":"https:\/\/association360.ch\/trans\/wp-json\/wp\/v2\/types\/page"}],"author":[{"embeddable":true,"href":"https:\/\/association360.ch\/trans\/wp-json\/wp\/v2\/users\/763"}],"replies":[{"embeddable":true,"href":"https:\/\/association360.ch\/trans\/wp-json\/wp\/v2\/comments?post=1541"}],"version-history":[{"count":10,"href":"https:\/\/association360.ch\/trans\/wp-json\/wp\/v2\/pages\/1541\/revisions"}],"predecessor-version":[{"id":3809,"href":"https:\/\/association360.ch\/trans\/wp-json\/wp\/v2\/pages\/1541\/revisions\/3809"}],"up":[{"embeddable":true,"href":"https:\/\/association360.ch\/trans\/wp-json\/wp\/v2\/pages\/17"}],"wp:attachment":[{"href":"https:\/\/association360.ch\/trans\/wp-json\/wp\/v2\/media?parent=1541"}],"wp:term":[{"taxonomy":"category","embeddable":true,"href":"https:\/\/association360.ch\/trans\/wp-json\/wp\/v2\/categories?post=1541"},{"taxonomy":"post_tag","embeddable":true,"href":"https:\/\/association360.ch\/trans\/wp-json\/wp\/v2\/tags?post=1541"}],"curies":[{"name":"wp","href":"https:\/\/api.w.org\/{rel}","templated":true}]}}