{"id":3847,"date":"2025-10-15T16:24:59","date_gmt":"2025-10-15T15:24:59","guid":{"rendered":"https:\/\/association360.ch\/trans\/?page_id=3847"},"modified":"2025-11-18T09:41:35","modified_gmt":"2025-11-18T08:41:35","slug":"conference_nonbinarite_2025","status":"publish","type":"page","link":"https:\/\/association360.ch\/trans\/conference_nonbinarite_2025\/","title":{"rendered":"Journ\u00e9e des vies trans et non binaires &#8211; 22 novembre 2025"},"content":{"rendered":"<div class=\"wp-block-image\">\n<figure class=\"aligncenter is-resized\"><img loading=\"lazy\" decoding=\"async\" src=\"https:\/\/association360.ch\/trans\/wp-content\/uploads\/sites\/4\/2025\/11\/Visuel-journee-22-nov-724x1024.png\" alt=\"\" class=\"wp-image-3985\" width=\"502\" height=\"709\" srcset=\"https:\/\/association360.ch\/trans\/wp-content\/uploads\/sites\/4\/2025\/11\/Visuel-journee-22-nov-724x1024.png 724w, https:\/\/association360.ch\/trans\/wp-content\/uploads\/sites\/4\/2025\/11\/Visuel-journee-22-nov-212x300.png 212w, https:\/\/association360.ch\/trans\/wp-content\/uploads\/sites\/4\/2025\/11\/Visuel-journee-22-nov-768x1086.png 768w, https:\/\/association360.ch\/trans\/wp-content\/uploads\/sites\/4\/2025\/11\/Visuel-journee-22-nov-1086x1536.png 1086w, https:\/\/association360.ch\/trans\/wp-content\/uploads\/sites\/4\/2025\/11\/Visuel-journee-22-nov-1448x2048.png 1448w, https:\/\/association360.ch\/trans\/wp-content\/uploads\/sites\/4\/2025\/11\/Visuel-journee-22-nov.png 1810w\" sizes=\"auto, (max-width: 502px) 100vw, 502px\" \/><\/figure>\n<\/div>\n\n\n<p>Sur cette page vous trouverez toutes les informations (inscriptions, programmation, info sur les intervenant-e-x-s) de la <strong>Journ\u00e9e des vies trans et non binaires<\/strong>. Cet \u00e9v\u00e9nement est organis\u00e9 par la <strong>F\u00e9d\u00e9ration genevoise des associations LGBTIQ+<\/strong> et l&rsquo;<strong>Association 360<\/strong>, avec <strong>le soutien de la Ville de Gen\u00e8ve<\/strong>. L&rsquo;\u00e9v\u00e9nement aura lieu \u00e0 <a rel=\"noreferrer noopener\" href=\"https:\/\/maps.app.goo.gl\/zNZM4h42WzEjEYgS8\" target=\"_blank\">L&rsquo;Espace tiers lieu<\/a>, \u00e0 Gen\u00e8ve.<\/p>\n\n\n\n<p><\/p>\n\n\n\n<h2 class=\"wp-block-heading\"><strong>INSCRIPTION DEMANDEE<\/strong> (matin\u00e9e uniquement) :<\/h2>\n\n\n\n<p>Les places assises pour la partie matinale sont limit\u00e9es ! Nous vous prions de vous inscrire via <a rel=\"noreferrer noopener\" href=\"https:\/\/framaforms.org\/inscription-conference-non-binarite-2025-1759322298\" target=\"_blank\">ce formulaire d&rsquo;inscription<\/a> (une personne par formulaire). <\/p>\n\n\n\n<p><\/p>\n\n\n\n<h2 class=\"wp-block-heading\"><strong>PROGRAMMATION DE LA MATINEE<\/strong><\/h2>\n\n\n\n<figure class=\"wp-block-table is-style-stripes\"><table><tbody><tr><td>9:00 &#8211; 9:20<\/td><td>Accueil, caf\u00e9 et croissants<\/td><\/tr><tr><td>9:20 &#8211; 9:30<\/td><td>Mot d&rsquo;introduction : <em>Alfonso Gomez, Maire de Gen\u00e8ve<\/em><\/td><\/tr><tr><td>9:30 &#8211; 10:25<\/td><td>Pr\u00e9sentation : <em>Introduction \u00e0 la non-binarit\u00e9<\/em><\/td><\/tr><tr><td>10:25 &#8211; 10:40<\/td><td>Pause<\/td><\/tr><tr><td>10:40 &#8211; 11:30<\/td><td>Table ronde : <em>Les enjeux de la non-binarit\u00e9 en Suisse<\/em><\/td><\/tr><tr><td>11:30 &#8211; 12:15<\/td><td>Questions &amp; r\u00e9ponses<\/td><\/tr><tr><td>12:15 &#8211; 12:30<\/td><td>Cl\u00f4ture de la matin\u00e9e<\/td><\/tr><\/tbody><\/table><\/figure>\n\n\n\n<h2 class=\"wp-block-heading\"><strong>INFORMATION SUR LES INTERVENANT\u00b7E\u00b7X\u00b7S<\/strong> :<\/h2>\n\n\n\n<p><span style=\"text-decoration: underline\"><strong>Pr\u00e9sentation : Introduction \u00e0 la non-binarit\u00e9<\/strong><\/span> <em>\u2013&nbsp;09:40-10:25<\/em><\/p>\n\n\n\n<p>Cette pr\u00e9sentation propose une introduction claire et accessible \u00e0 la non-binarit\u00e9 de genre, un concept souvent mal compris. Elle vise \u00e0 d\u00e9construire des id\u00e9es re\u00e7ues et les pr\u00e9jug\u00e9s les plus fr\u00e9quents, en apportant des rep\u00e8res concrets pour mieux comprendre la diversit\u00e9 des identit\u00e9s de genre et les r\u00e9alit\u00e9s v\u00e9cues par les personnes non binaires.<\/p>\n\n\n\n<ul class=\"wp-block-list\"><li><strong>Cris Montgomery<\/strong> (<em>elle\/iel, accords f\u00e9minins ou neutres<\/em>), <strong>coordinateurice du P\u00f4le Trans et Non Binaire, Association 360<\/strong>.<\/li><\/ul>\n\n\n\n<p><\/p>\n\n\n\n<p>Cris Montgomery (elle\/iel), chilienne-suisse, se d\u00e9die depuis de plusieurs ann\u00e9es \u00e0 la d\u00e9fense des droits des personnes marginalis\u00e9es, dont les personnes LGBTIQ+, dans des postes gouvernementaux, d&rsquo;organisations internationales ou dans l&rsquo;associatif. Elle a notamment fait des recherches dans le traitement de diff\u00e9rentes communaut\u00e9s marginalis\u00e9es dans le syst\u00e8me p\u00e9nal et carc\u00e9ral, dont les personnes trans et non binaires.<\/p>\n\n\n\n<p><span style=\"text-decoration: underline\"><strong>Table ronde : Les enjeux de la non-binarit\u00e9 en Suisse<\/strong><\/span><strong><span style=\"text-decoration: underline\">; session questions &amp; r\u00e9ponses<\/span><\/strong> <em>\u2013&nbsp;10:40-12:15<\/em><\/p>\n\n\n\n<p>Cette table ronde r\u00e9unit des expert\u00b7e\u00b7x\u00b7s issu\u00b7e\u00b7x\u00b7s du droit, de la sant\u00e9, de la recherche, de l\u2019enseignement et du milieu associatif, pour explorer les enjeux de la non-binarit\u00e9 en Suisse. La discussion autour de cette table ronde abordera les r\u00e9alit\u00e9s v\u00e9cues par les personnes non binaires, les d\u00e9fis actuels, ainsi que les pistes pour construire des environnements plus inclusifs et respectueux de la diversit\u00e9 de genre.<\/p>\n\n\n\n<ul class=\"wp-block-list\"><li><strong>Electra Zacharias<\/strong> (<em>elle, accords f\u00e9minins<\/em>) &#8211; TGNS, Direction Conseil Juridique<\/li><li><strong>Nayansaku Mufwankolo<\/strong>, (<em>they\/zey\/il, accords non-genr\u00e9s<\/em>) &#8211; Enseignantx sp\u00e9cialis\u00e9x en \u00e9tudes critiques et culturelles, Sp\u00e9cialiste en inclusion et diversit\u00e9, consultantx, poetx chercheurx<\/li><li><strong>Ga\u00e9 Colussi<\/strong>, (<em>iel, accords en neutre en \u00e9-e\/\u00e9pic\u00e8ne<\/em>) &#8211; Lausanne Pride 2026, F\u00e9d\u00e9ration romande des associations LGBTIQ+<\/li><li><strong>Florent Jouinot<\/strong> (<em>\u00f8 sinon iel<\/em>) &#8211; Activiste communautaire et en charge de la coordination romande pour l&rsquo;Aide Suisse contre le Sida et SwissPREPared, ainsi que coordination de la Plateforme GenreS et Sexualit\u00e9s du GREA (Groupement Romand des Etudes des Addictions)<\/li><\/ul>\n\n\n\n<p>Mod\u00e9ration : <strong>Robin Adet<\/strong> <em>(iel\/il<\/em>,<em> accords masculins<\/em>), co-pr\u00e9sident de la F\u00e9d\u00e9ration genevoise des associations LGBTIQ+<\/p>\n\n\n\n<p><\/p>\n\n\n\n<p><strong><span style=\"text-decoration: underline\">Electra Zacharias<\/span><\/strong> (<em>elle<\/em>) est activiste trans et lesbienne bas\u00e9e \u00e0 Gen\u00e8ve et occupe le poste de Responsable du service juridique \u00e0 TGNS. Juriste de formation, elle travaille depuis plusieurs ann\u00e9es pour la d\u00e9fense des droits des personnes LGBTIQ+, notamment dans le domaine de la sant\u00e9. Ses recherches portent notamment sur la reconnaissance l\u00e9gale des parentalit\u00e9s trans. Son exp\u00e9rience du sport en comp\u00e9tition l\u2019am\u00e8ne \u00e9galement \u00e0 promouvoir l\u2019inclusion des personnes trans et non binaires dans ce domaine. Avant de rejoindre TGNS, elle a occup\u00e9 divers postes aux seins d&rsquo;organisations non gouvernementales et internationales. En dehors de son travail de juriste, Electra pratique plusieurs sports et organise des festivals d\u2019escalade en mixit\u00e9 choisie.<br><strong>R\u00e9seaux sociaux professionnels<\/strong> : <a rel=\"noreferrer noopener\" href=\"https:\/\/www.linkedin.com\/in\/electrazacharias\/\" target=\"_blank\">LinkedIn<\/a>; <a rel=\"noreferrer noopener\" href=\"https:\/\/bsky.app\/profile\/electronika.bsky.social\" target=\"_blank\">Bluesky<\/a><br><strong>Liens pertinents<\/strong> :&nbsp;<a rel=\"noreferrer noopener\" href=\"https:\/\/voelkerrechtsblog.org\/the-uk-supreme-courts-unworkable-sex-definitions-in-for-women-scotland\/\" target=\"_blank\">The UK Supreme Court\u2019s Unworkable Sex Definitions in For Women Scotland<\/a><\/p>\n\n\n\n<p><\/p>\n\n\n\n<p><strong><span style=\"text-decoration: underline\">Nayansaku Mufwankolo<\/span><\/strong> (<em>they\/zey\/il<\/em>) est enseignantx en \u00e9tudes culturelles et en th\u00e9orie critique, formateurx et consultantx en diversit\u00e9, \u00e9quit\u00e9 et inclusion (DE&amp;I), ainsi qu&rsquo;artiste poetx chercheurx.<\/p>\n\n\n\n<p><\/p>\n\n\n\n<p><strong><span style=\"text-decoration: underline\">Ga\u00e9 Colussi<\/span><\/strong> (<em>iel<\/em>) est originaire de Valais, iel a rencontr\u00e9 le milieu activiste LGBTIQ+ genevois durant ses \u00e9tudes, et ces th\u00e9matiques ne l&rsquo;ont plus quitt\u00e9-e. Ga\u00e9 a travaill\u00e9 pour la campagne du mariage pour toustes puis pour Pink Cross, tout en menant des recherches en \u00e9tudes genre sur les carri\u00e8res activistes professionnelles en Suisse romande, sur les mouvements anti-genre et leur impact, et d\u00e9sormais sur la prise en charge des personnes LGBTIQ+ dans la fin de vie (projet TRUST-PALL). D\u00e9sormais bas\u00e9-e en r\u00e9gion lausannoise, iel co-coordonne la Lausanne Pride 2026 pr\u00e9vue les 26 et 27 juin prochains.<br><strong>R\u00e9seaux pertinents<\/strong> : <a rel=\"noreferrer noopener\" href=\"https:\/\/www.linkedin.com\/in\/ga%C3%A9-colussi-043086152\/\" target=\"_blank\">LinkedIn<\/a>; <a rel=\"noreferrer noopener\" href=\"https:\/\/www.lausannepride.ch\/\" target=\"_blank\">Lausanne Pride 2026<\/a><\/p>\n\n\n\n<p><\/p>\n\n\n\n<p><strong><span style=\"text-decoration: underline\">Florent Jouinot<\/span><\/strong> (<em>\u00f8 sinon iel<\/em>) est activiste communautaire et actuellement en charge de la coordination romande pour l\u2019Aide Suisse contre le Sida et SwissPrEPared, et de la coordination de la Plateforme GenreS et Sexualit\u00e9S du GREA.<br>A travers ses divers engagements, Florent porte une r\u00e9flexion sur l\u2019impact du genre, des identit\u00e9s et des syst\u00e8mes sur la sant\u00e9 et les parcours de soins.<br>Son engagement se traduit aussi par des actions pour des approches affirmatives, inclusives et non pathologisantes dans les politiques de sant\u00e9.<\/p>\n\n\n\n<p><\/p>\n\n\n\n<p><strong><span style=\"text-decoration: underline\">Robin Adet<\/span><\/strong> <em>(iel\/il)<\/em> travaille \u00e0 l\u2019intersection des milieux culturels et des enjeux de soci\u00e9t\u00e9. Il a notamment cor\u00e9alis\u00e9 la s\u00e9rie \u00ab Fais pas genre! \u00bb avec Carolina Gonzalez et co-pr\u00e9side la F\u00e9d\u00e9ration Genevoise des associations LGBT.<br>Dipl\u00f4m\u00e9 de Sciences Po Aix-en-Provence et de l\u2019Institut de hautes \u00e9tudes internationales et du d\u00e9veloppement, il d\u00e9veloppe ses activit\u00e9s \u00e0 la crois\u00e9e du cin\u00e9ma et des questions sociales. Son documentaire Bunkers (2016) abordait les politiques migratoires et les dispositifs d\u2019exclusion. De 2017 \u00e0 2020, il a codirig\u00e9 le festival f\u00e9ministe et queer Les Cr\u00e9atives \u00e0 Gen\u00e8ve. Depuis 2013, il collabore avec le Festival du film et forum international sur les droits humains (FIFDH). Engag\u00e9 dans les luttes LGBTIQ+, Robin Adet poursuit une r\u00e9flexion sur les repr\u00e9sentations du genre, du pouvoir et des marges.<br><strong>R\u00e9seaux pertinents :<\/strong> compte instagram <a rel=\"noreferrer noopener\" href=\"https:\/\/www.instagram.com\/robin_adet\/\" target=\"_blank\">@robin_adet<\/a>.<\/p>\n\n\n\n<p>&#8212;<\/p>\n\n\n\n<p>EVENEMENT EN PARALLELE : <strong><span style=\"text-decoration: underline\">Atelier d&rsquo;\u00e9criture en mixit\u00e9 choisie pour les personnes trans*, non binaires et en questionnement<\/span><\/strong><em>\u2013\u00a010:00-12:00<\/em> \u2013\u00a0<em>SPOUTNIK, L\u2019Usine<\/em><\/p>\n\n\n\n<ul class=\"wp-block-list\"><li>Anim\u00e9 par&nbsp;<strong>Luz Volckmann&nbsp;<\/strong>(elle), po\u00e9tesse et autrice et&nbsp;<strong>Thul\u00fa Barbar\u00e1n&nbsp;<\/strong>(iel), \u00e9crivainx, lesbienne cuir, n\u00e9\u00b7x \u00e0 Lima, au P\u00e9rou, et bas\u00e9\u00b7x entre Lausanne et Gen\u00e8ve.<\/li><li>Atelier accessible en fran\u00e7ais, anglais et espagnol<\/li><\/ul>\n\n\n\n<p><strong>Sur inscription par mail \u00e0 mattia@federationlgbt-geneve.ch<\/strong><\/p>\n\n\n\n<p>&#8212;<\/p>\n\n\n\n<h3 class=\"wp-block-heading\">Pause de midi<\/h3>\n\n\n\n<p><em>Repas v\u00e9g\u00e9tarien et sans gluten avec option v\u00e9gane offert&nbsp;<\/em>\u2013 L\u2019ESPACE | Tiers-lieu d\u2019apr\u00e8s<\/p>\n\n\n\n<p><\/p>\n\n\n\n<h2 class=\"wp-block-heading\"><strong>PROGRAMMATION DE L&rsquo;APRES-MIDI<\/strong><\/h2>\n\n\n\n<p><strong>La conf\u00e9rence sera \u00e9galement suivie d&rsquo;un repas offert \u00e0 12:30 et d&rsquo;une s\u00e9rie de tables rondes autour de la transidentit\u00e9 durant toute l&rsquo;apr\u00e8s-midi, organis\u00e9s par la F\u00e9d\u00e9ration genevoise des associations LGBTIQ+. <\/strong>Cette partie ne requiert aucune inscription.<\/p>\n\n\n\n<figure class=\"wp-block-table is-style-stripes\"><table><tbody><tr><td>13:30 &#8211; 15:00<\/td><td>Table ronde sur la sant\u00e9 : <em>obstacles, r\u00e9sistances et pratiques communautaires<\/em><\/td><\/tr><tr><td>16:30 &#8211; 18:00<\/td><td>Table ronde : <em>la culture et les arts comme outils d\u2019\u00e9mancipation<\/em><\/td><\/tr><tr><td>19:00 &#8211; 20:30<\/td><td>Table ronde sur la politique : <em>pourquoi les personnes trans et non binaires sont-elles devenues les cibles des mouvements fascistes ?<\/em><\/td><\/tr><tr><td>21:00 &#8211; 22:30<\/td><td>Open mic et festivit\u00e9s<\/td><\/tr><\/tbody><\/table><\/figure>\n\n\n\n<h2 class=\"wp-block-heading\"><strong>INFORMATION SUR LES TABLES RONDES<\/strong><\/h2>\n\n\n\n<p><strong><u>Table ronde 2 &#8211; Sant\u00e9 trans : obstacles, r\u00e9sistances et pratiques communautaires<\/u><\/strong> \u2013&nbsp;<em>13:30-15:00<\/em><\/p>\n\n\n\n<p>Cette table ronde abordera les enjeux d\u2019acc\u00e8s aux soins pour les personnes trans, entre obstacles institutionnels, discriminations m\u00e9dicales et strat\u00e9gies communautaires. Elle mettra en lumi\u00e8re des exp\u00e9riences de terrain et des pratiques de sant\u00e9 transaffirmatives port\u00e9es par et pour les personnes concern\u00e9es.<\/p>\n\n\n\n<ul class=\"wp-block-list\"><li><strong>Dr. Lens Rusillon&nbsp;<\/strong>(il), interne en m\u00e9decine<\/li><li><strong>Ad\u00e8le Zufferey<\/strong>&nbsp;(elle), psychologue sp\u00e9cialiste en psychoth\u00e9rapie FSP, directrice de la Fondation Agnodice<\/li><li><strong>Anthony Magnin&nbsp;<\/strong>(il), membre de l\u2019\u00e9quipe de CheckPoint Gen\u00e8ve<\/li><li><strong>Cami Laufer<\/strong>&nbsp;(elle), organisatrice de soins communautaires \u00e0 Gen\u00e8ve<\/li><\/ul>\n\n\n\n<p>Mod\u00e9ration :&nbsp;<strong>Mattia Iacobelli&nbsp;<\/strong>(iel, il), charg\u00e9 de plaidoyer F\u00e9d\u00e9ration genevoise des associations LGBTIQ+<\/p>\n\n\n\n<p><strong><u>Table ronde 3 &#8211; Arts et culture : des armes pour exister&nbsp;<\/u><\/strong><strong>&nbsp;\u2013<\/strong><em>16:30-18:00<\/em><\/p>\n\n\n\n<p>Comment cr\u00e9er quand on n\u2019est pas cens\u00e9 exister ? Face \u00e0 la marginalisation et \u00e0 la violence, les personnes trans et queers ont toujours utilis\u00e9 la culture \u2013 sous toutes ses formes \u2013 comme espace d\u2019expression, de r\u00e9sistance et d\u2019\u00e9mancipation. L\u2019art devient alors un refuge, un outil politique, un moyen de transmission, mais aussi de joie, d\u2019humour et de lien.<\/p>\n\n\n\n<p>Cette table ronde explore les puissances de la cr\u00e9ation queer : comment \u00e9crire, chanter, performer ou faire rire devient une mani\u00e8re de prendre sa place, de dire \u00ab je suis l\u00e0 \u00bb \u2013 et de l\u2019\u00eatre ensemble.<\/p>\n\n\n\n<ul class=\"wp-block-list\"><li><strong>Luz Volckmann&nbsp;<\/strong>(elle), po\u00e9tesse et autrice<\/li><li><strong>Thul\u00fa Barbar\u00e1n<\/strong>&nbsp;(iel), auteurice<\/li><li><strong>Moon<\/strong>, (elle) dragqueen<\/li><li><strong>Lari Medawar<\/strong>&nbsp;(il), directeur du Fesses-tival et curateur<\/li><\/ul>\n\n\n\n<p>Mod\u00e9ration :&nbsp;<strong>Nayansaku Mufwankolo<\/strong>&nbsp;(they), enseignantx \u00e0 la HEAD,&nbsp;formateurx et consultantx en&nbsp;\u00e9quit\u00e9, diversit\u00e9 et inclusion&nbsp;(EDI),&nbsp;ainsi qu\u2019artiste poetx et chercheurx<\/p>\n\n\n\n<p><strong><u>Table ronde 4 &#8211; Pourquoi les personnes trans et non binaires sont-elles les cibles des mouvements r\u00e9actionnaires ?<\/u><\/strong>&nbsp;\u2013&nbsp;<em>19:00-20:30<\/em><\/p>\n\n\n\n<p>Dans de nombreux contextes, les personnes trans sont prises pour cibles par les forces r\u00e9actionnaires : lois restrictives, discours haineux, d\u00e9sinformation, mont\u00e9e des attaques symboliques et physiques. Pourquoi cette obsession transphobe ? Que r\u00e9v\u00e8le-t-elle de nos soci\u00e9t\u00e9s et des syst\u00e8mes de pouvoir ? Et surtout, comment y r\u00e9sister ?<\/p>\n\n\n\n<p>Cette table ronde propose une lecture politique de la transphobie contemporaine comme strat\u00e9gie de mobilisation des droites conservatrices. Ensemble, nous explorerons les outils critiques, les pratiques de solidarit\u00e9 et les formes de luttes collectives pour construire des r\u00e9ponses transaffirmatives, \u00e9mancipatrices et radicalement inclusives.<\/p>\n\n\n\n<ul class=\"wp-block-list\"><li><strong>Tal Madesta<\/strong>&nbsp;(il), journaliste, auteur notamment de&nbsp;<em>La Fin des monstres<\/em><\/li><li><strong>Lexie Agresti&nbsp;<\/strong>(elle), historienne de l\u2019art, autrice de&nbsp;<em>Une histoire de genres: Guide pour comprendre et d\u00e9fendre les transidentit\u00e9s<\/em><\/li><li><strong>Constant Spina<\/strong>&nbsp;(iel), journaliste et essayiste, auteur de&nbsp;<em>Manifeste pour une d\u00e9mocratie d\u00e9viante, Amours queers face au fascisme<\/em><\/li><li><strong>Mattia Iacobelli<\/strong>&nbsp;(iel,il), charg\u00e9 de plaidoyer, F\u00e9d\u00e9ration genevoise des associations LGBTIQ+<\/li><\/ul>\n\n\n\n<p>Mod\u00e9ration :&nbsp;<strong>Robin Adet<\/strong>&nbsp;(iel, il), co-pr\u00e9sident de la F\u00e9d\u00e9ration genevoise des associations LGBTIQ+<\/p>\n\n\n\n<p><\/p>\n\n\n\n<h2 class=\"wp-block-heading\">Soir\u00e9e<\/h2>\n\n\n\n<ul class=\"wp-block-list\"><li>Repas fait maison, prix libre en soutien \u00e0 l\u2019association Asile LGBTIQ+<\/li><li>Open-mic pour les personnes trans*, non binaires et en questionnement (21h-22h30)<\/li><li>Bar associatif<\/li><\/ul>\n\n\n\n<p><strong>Affiche en&nbsp;<a href=\"https:\/\/federationlgbt-geneve.ch\/wp-content\/uploads\/2025\/10\/FEDE_VISUEL_WEB_LINKEDIN_FACEBOOK-scaled.png\">t\u00e9l\u00e9chargement ici en pdf<\/a><\/strong><\/p>\n\n\n\n<p><strong>Programme&nbsp;<a href=\"https:\/\/federationlgbt-geneve.ch\/wp-content\/uploads\/2025\/10\/FEDE_A5_Journeedusouvenirtrans2025.pdf\">en t\u00e9l\u00e9chargement ici en pdf<\/a><\/strong><\/p>\n","protected":false},"excerpt":{"rendered":"<p>Sur cette page vous trouverez toutes les informations (inscriptions, programmation, info sur les intervenant-e-x-s) de la Journ\u00e9e des vies trans et non binaires. Cet \u00e9v\u00e9nement est organis\u00e9 par la F\u00e9d\u00e9ration genevoise des associations LGBTIQ+ et l&rsquo;Association 360, avec le soutien de la Ville de Gen\u00e8ve. L&rsquo;\u00e9v\u00e9nement aura lieu \u00e0 L&rsquo;Espace tiers lieu, \u00e0 Gen\u00e8ve. INSCRIPTION [&hellip;]<\/p>\n","protected":false},"author":763,"featured_media":0,"parent":0,"menu_order":0,"comment_status":"closed","ping_status":"closed","template":"","meta":{"_genesis_hide_title":false,"_genesis_hide_breadcrumbs":false,"_genesis_hide_singular_image":false,"_genesis_hide_footer_widgets":false,"_genesis_custom_body_class":"","_genesis_custom_post_class":"","_genesis_layout":"","footnotes":""},"categories":[],"tags":[],"class_list":{"0":"post-3847","1":"page","2":"type-page","3":"status-publish","4":"format-standard","6":"entry"},"featured_image_src":null,"featured_image_src_square":null,"_links":{"self":[{"href":"https:\/\/association360.ch\/trans\/wp-json\/wp\/v2\/pages\/3847","targetHints":{"allow":["GET"]}}],"collection":[{"href":"https:\/\/association360.ch\/trans\/wp-json\/wp\/v2\/pages"}],"about":[{"href":"https:\/\/association360.ch\/trans\/wp-json\/wp\/v2\/types\/page"}],"author":[{"embeddable":true,"href":"https:\/\/association360.ch\/trans\/wp-json\/wp\/v2\/users\/763"}],"replies":[{"embeddable":true,"href":"https:\/\/association360.ch\/trans\/wp-json\/wp\/v2\/comments?post=3847"}],"version-history":[{"count":10,"href":"https:\/\/association360.ch\/trans\/wp-json\/wp\/v2\/pages\/3847\/revisions"}],"predecessor-version":[{"id":3995,"href":"https:\/\/association360.ch\/trans\/wp-json\/wp\/v2\/pages\/3847\/revisions\/3995"}],"wp:attachment":[{"href":"https:\/\/association360.ch\/trans\/wp-json\/wp\/v2\/media?parent=3847"}],"wp:term":[{"taxonomy":"category","embeddable":true,"href":"https:\/\/association360.ch\/trans\/wp-json\/wp\/v2\/categories?post=3847"},{"taxonomy":"post_tag","embeddable":true,"href":"https:\/\/association360.ch\/trans\/wp-json\/wp\/v2\/tags?post=3847"}],"curies":[{"name":"wp","href":"https:\/\/api.w.org\/{rel}","templated":true}]}}